is the highest common factor of 10 and 235?
5
What is the highest common divisor of 184 and 92?
92
What is the greatest common factor of 301 and 525?
7
Calculate the greatest common factor of 4 and 14452.
4
Calculate the greatest common factor of 544 and 17.
17
What is the greatest common factor of 294 and 1519?
49
What is the highest common divisor of 448 and 15568?
112
What is the highest common factor of 185 and 5?
5
What is the highest common factor of 72 and 2?
2
Calculate the greatest common factor of 13 and 403.
13
What is the greatest common divisor of 40 and 40?
40
What is the highest common divisor of 170 and 255?
85
Calculate the greatest common factor of 5 and 860.
5
Calculate the greatest common divisor of 800 and 20.
20
What is the highest common factor of 1149 and 6?
3
What is the greatest common factor of 448 and 196?
28
Calculate the highest common factor of 20 and 515.
5
Calculate the highest common divisor of 6063 and 1269.
141
Calculate the greatest common factor of 14416 and 48.
16
Calculate the greatest common factor of 603 and 9.
9
What is the highest common factor of 3786 and 12?
6
What is the highest common factor of 300 and 96?
12
Calculate the highest common factor of 525 and 21.
21
What is the greatest common divisor of 3780 and 25?
5
Calculate the highest common divisor of 182 and 39.
13
Calculate the highest common factor of 117 and 1053.
117
What is the highest common divisor of 126 and 322?
14
Calculate the greatest common factor of 2 and 54.
2
Calculate the greatest common factor of 735 and 12789.
147
Calculate the highest common factor of 304 and 1501.
19
What is the highest common factor of 2318 and 427?
61
What is the highest common divisor of 5 and 155?
5
Calculate the greatest common divisor of 38 and 114.
38
What is the highest common factor of 17 and 25?
1
Calculate the highest common factor of 1 and 47.
1
Calculate the greatest common divisor of 3063 and 3.
3
What is the greatest common factor of 2772 and 378?
126
What is the highest common divisor of 35 and 4333?
7
Calculate the highest common factor of 14 and 1071.
7
What is the highest common factor of 138 and 46?
46
Calculate the highest common divisor of 393 and 4847.
131
What is the greatest common factor of 7 and 10934?
7
Calculate the highest common divisor of 6 and 100146.
6
What is the greatest common factor of 104 and 3497?
13
Calculate the highest common factor of 128 and 102784.
128
Calculate the highest common factor of 217 and 124.
31
Calculate the greatest common factor of 204 and 51.
51
What is the greatest common divisor of 6734 and 910?
182
What is the highest common factor of 54 and 6?
6
What is the highest common factor of 78 and 572?
26
Calculate the highest common factor of 16 and 320.
16
Calculate the greatest common factor of 54 and 42.
6
Calculate the greatest common divisor of 17316 and 12.
12
What is the greatest common divisor of 1278 and 18?
18
Calculate the greatest common factor of 6649 and 183.
61
Calculate the highest common divisor of 726 and 66.
66
What is the greatest common divisor of 2080 and 60?
20
Calculate the highest common divisor of 1932 and 1722.
42
Calculate the highest common factor of 246 and 82.
82
What is the greatest common divisor of 40 and 4685?
5
Calculate the highest common divisor of 6 and 294.
6
Calculate the greatest common divisor of 40 and 16.
8
What is the highest common divisor of 205 and 1312?
41
Calculate the greatest common divisor of 729 and 162.
81
Calculate the highest common divisor of 21 and 168.
21
Calculate the highest common divisor of 54 and 58698.
54
What is the highest common factor of 4321 and 149?
149
What is the greatest common divisor of 102 and 510?
102
Calculate the highest common factor of 3 and 29.
1
Calculate the highest common factor of 384 and 228.
12
Calculate the highest common factor of 286 and 3354.
26
What is the highest common factor of 714 and 6834?
102
Calculate the greatest common factor of 160 and 48.
16
Calculate the highest common factor of 1025 and 175.
25
Calculate the highest common divisor of 14420 and 56.
28
Calculate the highest common factor of 4587 and 165.
33
What is the greatest common factor of 248 and 208?
8
What is the highest common factor of 991 and 1?
1
What is the greatest common factor of 5 and 2110?
5
What is the highest common divisor of 7 and 1043?
7
What is the greatest common divisor of 24 and 1048?
8
What is the highest common factor of 3875 and 465?
155
What is the highest common divisor of 2 and 23?
1
What is the greatest common divisor of 416 and 64?
32
Calculate the highest common divisor of 47 and 376.
47
Calculate the greatest common divisor of 5092 and 152.
76
What is the highest common divisor of 2008 and 8?
8
Calculate the greatest common divisor of 10 and 1.
1
What is the highest common factor of 184 and 23?
23
What is the greatest common factor of 4991 and 14?
7
Calculate the highest common factor of 15 and 795.
15
What is the greatest common factor of 182 and 39?
13
What is the greatest common divisor of 975 and 5?
5
Calculate the highest common divisor of 20 and 60.
20
Calculate the highest common divisor of 1541 and 134.
67
What is the greatest common divisor of 4 and 1040?
4
Calculate the highest common divisor of 1644 and 3014.
274
What is the greatest common divisor of 22 and 11363?
11
Calculate the greatest common factor of 36517 and 13.
13
What is the highest common factor of 345 and 45?
15
Calculate the highest common divisor of 318 and 6.
6
Calculate the highest common divisor of 288 and 800.
32
Calculate the highest common divisor of 10 and 7970.
10
What is the highest common divisor of 62 and 16?
2
Calculate the highest common divisor of 135 and 480.
15
Calculate the greatest common divisor of 2499 and 147.
147
What is the greatest common divisor of 585 and 195?
195
Calculate the highest common divisor of 10 and 7380.
10
What is the highest common divisor of 6822 and 18?
18
Calculate the greatest common factor of 783 and 116.
29
Calculate the greatest common factor of 6467 and 29.
29
Calculate the greatest common factor of 80 and 440.
40
Calculate the highest common divisor of 34685 and 140.
35
Calculate the greatest common divisor of 3658 and 826.
118
What is the highest common factor of 448 and 64?
64
What is the highest common factor of 30316 and 44?
44
What is the highest common divisor of 70 and 336?
14
Calculate the greatest common factor of 288 and 9.
9
Calculate the highest common factor of 13 and 624.
13
Calculate the greatest common factor of 133 and 5339.
19
Calculate the greatest common divisor of 1716 and 156.
156
What is the greatest common divisor of 90 and 440?
10
Calculate the highest common factor of 3 and 141.
3
What is the highest common factor of 28 and 12?
4
Calculate the greatest common factor of 24 and 480.
24
What is the greatest common divisor of 49 and 14?
7
What is the highest common divisor of 99 and 45?
9
What is the greatest common divisor of 364 and 2492?
28
What is the greatest common divisor of 17 and 1003?
17
What is the highest common factor of 1102 and 38?
38
Calculate the greatest common divisor of 52 and 13.
13
What is the greatest common divisor of 440 and 2440?
40
What is the greatest common divisor of 855 and 4959?
171
What is the highest common divisor of 1371 and 6?
3
What is the greatest common factor of 305 and 488?
61
Calculate the greatest common factor of 147 and 3.
3
What is the greatest common factor of 111 and 1258?
37
What is the highest common divisor of 84 and 312?
12
Calculate the greatest common divisor of 122 and 6283.
61
Calculate the greatest common divisor of 14233 and 129.
43
Calculate the greatest common factor of 63 and 840.
21
What is the highest common divisor of 89 and 16376?
89
Calculate the greatest common factor of 3876 and 798.
114
What is the highest common divisor of 1551 and 165?
33
Calculate the highest common divisor of 70 and 50.
10
What is the highest common divisor of 297 and 605?
11
What is the greatest common divisor of 129 and 215?
43
What is the highest common factor of 418 and 242?
22
Calculate the greatest common divisor of 147 and 35.
7
What is the greatest common divisor of 26832 and 6?
6
Calculate the highest common f